{"id":462,"date":"2021-04-24T19:24:39","date_gmt":"2021-04-24T17:24:39","guid":{"rendered":"http:\/\/localhost\/lightray\/?page_id=462"},"modified":"2026-03-18T21:45:56","modified_gmt":"2026-03-18T19:45:56","slug":"3d-animatsioon-3d-visuaalid","status":"publish","type":"page","link":"https:\/\/lightray.ee\/estonian\/3d-animatsioon-3d-visuaalid\/","title":{"rendered":"ANIMATSIOON"},"content":{"rendered":"\t\t<div data-elementor-type=\"wp-page\" data-elementor-id=\"462\" class=\"elementor elementor-462\">\n\t\t\t\t\t\t<section class=\"elementor-section elementor-top-section elementor-element elementor-element-7a43075 elementor-section-boxed elementor-section-height-default elementor-section-height-default\" data-id=\"7a43075\" data-element_type=\"section\" data-e-type=\"section\">\n\t\t\t\t\t\t<div class=\"elementor-container elementor-column-gap-default\">\n\t\t\t\t\t<div class=\"elementor-column elementor-col-100 elementor-top-column elementor-element elementor-element-0631fc5\" data-id=\"0631fc5\" data-element_type=\"column\" data-e-type=\"column\">\n\t\t\t<div class=\"elementor-widget-wrap elementor-element-populated\">\n\t\t\t\t\t\t<div class=\"elementor-element elementor-element-ca71f11 elementor-widget elementor-widget-heading\" data-id=\"ca71f11\" data-element_type=\"widget\" data-e-type=\"widget\" data-widget_type=\"heading.default\">\n\t\t\t\t<div class=\"elementor-widget-container\">\n\t\t\t\t\t<h1 class=\"elementor-heading-title elementor-size-default\">3D animatsioon<\/h1>\t\t\t\t<\/div>\n\t\t\t\t<\/div>\n\t\t\t\t<div class=\"elementor-element elementor-element-a6ef23a elementor-widget elementor-widget-text-editor\" data-id=\"a6ef23a\" data-element_type=\"widget\" data-e-type=\"widget\" data-widget_type=\"text-editor.default\">\n\t\t\t\t<div class=\"elementor-widget-container\">\n\t\t\t\t\t\t\t\t\t<p data-start=\"663\" data-end=\"940\"><strong data-start=\"663\" data-end=\"681\">3D animatsioon<\/strong> on t\u00e4nap\u00e4eval \u00fcks t\u00f5husamaid viise arhitektuursete projektide ja toodete tutvustamiseks. Liikuva pildi kaudu on v\u00f5imalik n\u00e4idata <a href=\"https:\/\/lightray.ee\/estonian\/3d-sisepildid\/\">ruumilisi lahendusi<\/a>, <a href=\"https:\/\/lightray.ee\/estonian\/3d-valispildid\/\">hoone v\u00e4lisilmet<\/a> ja sisekujundust nii, et vaataja saab projekti terviklikust olemusest selge ettekujutuse.<\/p><p data-start=\"942\" data-end=\"1261\">Lightray O\u00dc valmistab fotorealistlikke 3D animatsioone, mis toetavad arhitektide, arendajate ja sisekujundajate igap\u00e4evast t\u00f6\u00f6d. Animatsioon aitab m\u00f5ista hoone proportsioone, materjalide sobivust ja valguse m\u00f5ju. See on praktiline t\u00f6\u00f6vahend nii projekteerimise protsessis kui ka l\u00f5ppkliendile lahenduse tutvustamisel.<\/p><p data-start=\"1263\" data-end=\"1299\">Animatsioonid sobivad eriti h\u00e4sti:<\/p><ul data-start=\"1300\" data-end=\"1464\"><li data-start=\"1300\" data-end=\"1356\"><p data-start=\"1302\" data-end=\"1356\">arhitektuursete ja kinnisvaraprojektide esitlusteks,<\/p><\/li><li data-start=\"1357\" data-end=\"1414\"><p data-start=\"1359\" data-end=\"1414\">investoritele ja partneritele m\u00f5eldud ettekannetesse,<\/p><\/li><li data-start=\"1415\" data-end=\"1464\"><p data-start=\"1417\" data-end=\"1464\">turundusmaterjalidesse ja veebiplatvormidele.<\/p><p>Tutvu meie <a href=\"https:\/\/www.youtube.com\/watch?v=XXKPwb51ouo\">animatsioonidega<\/a> ja leia inspiratsiooni, kuidas professionaalne 3D video v\u00f5ib toetada projekti esitlusi ja otsustusprotsessi.<\/p><\/li><\/ul>\t\t\t\t\t\t\t\t<\/div>\n\t\t\t\t<\/div>\n\t\t\t\t<div class=\"elementor-element elementor-element-3163b57 elementor-widget elementor-widget-video\" data-id=\"3163b57\" data-element_type=\"widget\" data-e-type=\"widget\" data-settings=\"{&quot;youtube_url&quot;:&quot;https:\\\/\\\/youtu.be\\\/ifCz949vglo&quot;,&quot;video_type&quot;:&quot;youtube&quot;,&quot;controls&quot;:&quot;yes&quot;}\" data-widget_type=\"video.default\">\n\t\t\t\t<div class=\"elementor-widget-container\">\n\t\t\t\t\t\t\t<div class=\"elementor-wrapper elementor-open-inline\">\n\t\t\t<div class=\"elementor-video\"><\/div>\t\t<\/div>\n\t\t\t\t\t\t<\/div>\n\t\t\t\t<\/div>\n\t\t\t\t\t<\/div>\n\t\t<\/div>\n\t\t\t\t\t<\/div>\n\t\t<\/section>\n\t\t\t\t<section class=\"elementor-section elementor-top-section elementor-element elementor-element-5d16888 elementor-section-boxed elementor-section-height-default elementor-section-height-default\" data-id=\"5d16888\" data-element_type=\"section\" data-e-type=\"section\">\n\t\t\t\t\t\t<div class=\"elementor-container elementor-column-gap-default\">\n\t\t\t\t\t<div class=\"elementor-column elementor-col-100 elementor-top-column elementor-element elementor-element-966b0f7\" data-id=\"966b0f7\" data-element_type=\"column\" data-e-type=\"column\">\n\t\t\t<div class=\"elementor-widget-wrap elementor-element-populated\">\n\t\t\t\t\t\t<div class=\"elementor-element elementor-element-7f8ac36 elementor-widget elementor-widget-video\" data-id=\"7f8ac36\" data-element_type=\"widget\" data-e-type=\"widget\" data-settings=\"{&quot;youtube_url&quot;:&quot;https:\\\/\\\/youtu.be\\\/w_7zy9titwY&quot;,&quot;video_type&quot;:&quot;youtube&quot;,&quot;controls&quot;:&quot;yes&quot;}\" data-widget_type=\"video.default\">\n\t\t\t\t<div class=\"elementor-widget-container\">\n\t\t\t\t\t\t\t<div class=\"elementor-wrapper elementor-open-inline\">\n\t\t\t<div class=\"elementor-video\"><\/div>\t\t<\/div>\n\t\t\t\t\t\t<\/div>\n\t\t\t\t<\/div>\n\t\t\t\t\t<\/div>\n\t\t<\/div>\n\t\t\t\t\t<\/div>\n\t\t<\/section>\n\t\t\t\t<section class=\"elementor-section elementor-top-section elementor-element elementor-element-766b9a3 elementor-section-boxed elementor-section-height-default elementor-section-height-default\" data-id=\"766b9a3\" data-element_type=\"section\" data-e-type=\"section\">\n\t\t\t\t\t\t<div class=\"elementor-container elementor-column-gap-default\">\n\t\t\t\t\t<div class=\"elementor-column elementor-col-100 elementor-top-column elementor-element elementor-element-c649c68\" data-id=\"c649c68\" data-element_type=\"column\" data-e-type=\"column\">\n\t\t\t<div class=\"elementor-widget-wrap elementor-element-populated\">\n\t\t\t\t\t\t<div class=\"elementor-element elementor-element-d35f90c elementor-widget elementor-widget-video\" data-id=\"d35f90c\" data-element_type=\"widget\" data-e-type=\"widget\" data-settings=\"{&quot;youtube_url&quot;:&quot;https:\\\/\\\/youtu.be\\\/XXKPwb51ouo&quot;,&quot;video_type&quot;:&quot;youtube&quot;,&quot;controls&quot;:&quot;yes&quot;}\" data-widget_type=\"video.default\">\n\t\t\t\t<div class=\"elementor-widget-container\">\n\t\t\t\t\t\t\t<div class=\"elementor-wrapper elementor-open-inline\">\n\t\t\t<div class=\"elementor-video\"><\/div>\t\t<\/div>\n\t\t\t\t\t\t<\/div>\n\t\t\t\t<\/div>\n\t\t\t\t\t<\/div>\n\t\t<\/div>\n\t\t\t\t\t<\/div>\n\t\t<\/section>\n\t\t\t\t<section class=\"elementor-section elementor-top-section elementor-element elementor-element-3c49598 elementor-section-boxed elementor-section-height-default elementor-section-height-default\" data-id=\"3c49598\" data-element_type=\"section\" data-e-type=\"section\">\n\t\t\t\t\t\t<div class=\"elementor-container elementor-column-gap-default\">\n\t\t\t\t\t<div class=\"elementor-column elementor-col-100 elementor-top-column elementor-element elementor-element-07e17fe\" data-id=\"07e17fe\" data-element_type=\"column\" data-e-type=\"column\">\n\t\t\t<div class=\"elementor-widget-wrap elementor-element-populated\">\n\t\t\t\t\t\t<div class=\"elementor-element elementor-element-c1779df elementor-widget elementor-widget-video\" data-id=\"c1779df\" data-element_type=\"widget\" data-e-type=\"widget\" data-settings=\"{&quot;youtube_url&quot;:&quot;https:\\\/\\\/youtu.be\\\/NEZ_HBvDzz4&quot;,&quot;video_type&quot;:&quot;youtube&quot;,&quot;controls&quot;:&quot;yes&quot;}\" data-widget_type=\"video.default\">\n\t\t\t\t<div class=\"elementor-widget-container\">\n\t\t\t\t\t\t\t<div class=\"elementor-wrapper elementor-open-inline\">\n\t\t\t<div class=\"elementor-video\"><\/div>\t\t<\/div>\n\t\t\t\t\t\t<\/div>\n\t\t\t\t<\/div>\n\t\t\t\t\t<\/div>\n\t\t<\/div>\n\t\t\t\t\t<\/div>\n\t\t<\/section>\n\t\t\t\t<section class=\"elementor-section elementor-top-section elementor-element elementor-element-d219ce0 elementor-section-boxed elementor-section-height-default elementor-section-height-default\" data-id=\"d219ce0\" data-element_type=\"section\" data-e-type=\"section\">\n\t\t\t\t\t\t<div class=\"elementor-container elementor-column-gap-default\">\n\t\t\t\t\t<div class=\"elementor-column elementor-col-100 elementor-top-column elementor-element elementor-element-a669373\" data-id=\"a669373\" data-element_type=\"column\" data-e-type=\"column\">\n\t\t\t<div class=\"elementor-widget-wrap elementor-element-populated\">\n\t\t\t\t\t\t<div class=\"elementor-element elementor-element-a62939a elementor-widget elementor-widget-video\" data-id=\"a62939a\" data-element_type=\"widget\" data-e-type=\"widget\" data-settings=\"{&quot;youtube_url&quot;:&quot;https:\\\/\\\/youtu.be\\\/5Ggmt1P89ig&quot;,&quot;start&quot;:0,&quot;show_image_overlay&quot;:&quot;yes&quot;,&quot;image_overlay&quot;:{&quot;url&quot;:&quot;https:\\\/\\\/lightray.ee\\\/estonian\\\/wp-content\\\/uploads\\\/2022\\\/09\\\/Screenshot-2022-09-12-100838.jpg&quot;,&quot;id&quot;:809,&quot;size&quot;:&quot;&quot;,&quot;alt&quot;:&quot;&quot;,&quot;source&quot;:&quot;library&quot;},&quot;video_type&quot;:&quot;youtube&quot;,&quot;controls&quot;:&quot;yes&quot;}\" data-widget_type=\"video.default\">\n\t\t\t\t<div class=\"elementor-widget-container\">\n\t\t\t\t\t\t\t<div class=\"elementor-wrapper elementor-open-inline\">\n\t\t\t<div class=\"elementor-video\"><\/div>\t\t\t\t<div class=\"elementor-custom-embed-image-overlay\" style=\"background-image: url(https:\/\/lightray.ee\/estonian\/wp-content\/uploads\/2022\/09\/Screenshot-2022-09-12-100838.jpg);\">\n\t\t\t\t\t\t\t\t\t\t\t\t\t\t\t\t<div class=\"elementor-custom-embed-play\" role=\"button\" aria-label=\"Play Video\" tabindex=\"0\">\n\t\t\t\t\t\t\t<i aria-hidden=\"true\" class=\"eicon-play\"><\/i>\t\t\t\t\t\t<\/div>\n\t\t\t\t\t\t\t\t\t<\/div>\n\t\t\t\t\t<\/div>\n\t\t\t\t\t\t<\/div>\n\t\t\t\t<\/div>\n\t\t\t\t\t<\/div>\n\t\t<\/div>\n\t\t\t\t\t<\/div>\n\t\t<\/section>\n\t\t\t\t<\/div>\n\t\t","protected":false},"excerpt":{"rendered":"<p>3D animatsioon 3D animatsioon on t\u00e4nap\u00e4eval \u00fcks t\u00f5husamaid viise arhitektuursete projektide ja toodete tutvustamiseks. Liikuva pildi kaudu on v\u00f5imalik n\u00e4idata ruumilisi lahendusi, hoone v\u00e4lisilmet ja sisekujundust nii, et vaataja saab projekti terviklikust olemusest selge ettekujutuse. Lightray O\u00dc valmistab fotorealistlikke 3D animatsioone, mis toetavad arhitektide, arendajate ja sisekujundajate igap\u00e4evast t\u00f6\u00f6d. Animatsioon aitab m\u00f5ista hoone proportsioone, materjalide [&hellip;]<\/p>\n","protected":false},"author":1,"featured_media":0,"parent":0,"menu_order":0,"comment_status":"closed","ping_status":"closed","template":"elementor_header_footer","meta":{"footnotes":""},"class_list":["post-462","page","type-page","status-publish","hentry"],"yoast_head":"<!-- This site is optimized with the Yoast SEO plugin v27.4 - https:\/\/yoast.com\/product\/yoast-seo-wordpress\/ -->\n<title>3D Animatsioon | 3D visuaalid<\/title>\n<meta name=\"description\" content=\"Lightray O\u00dc pakub fotorealistlikke 3D animatsioone ja visuaale arhitektuursete projektide ja toodete jaoks. Too oma ideed ellu.\" \/>\n<meta name=\"robots\" content=\"index, follow, max-snippet:-1, max-image-preview:large, max-video-preview:-1\" \/>\n<link rel=\"canonical\" href=\"https:\/\/lightray.ee\/estonian\/3d-animatsioon-3d-visuaalid\/\" \/>\n<meta property=\"og:locale\" content=\"en_US\" \/>\n<meta property=\"og:type\" content=\"article\" \/>\n<meta property=\"og:title\" content=\"3D Animatsioon | 3D visuaalid\" \/>\n<meta property=\"og:description\" content=\"Lightray O\u00dc pakub fotorealistlikke 3D animatsioone ja visuaale arhitektuursete projektide ja toodete jaoks. Too oma ideed ellu.\" \/>\n<meta property=\"og:url\" content=\"https:\/\/lightray.ee\/estonian\/3d-animatsioon-3d-visuaalid\/\" \/>\n<meta property=\"og:site_name\" content=\"Lightray 3D Visualization Studio\" \/>\n<meta property=\"article:modified_time\" content=\"2026-03-18T19:45:56+00:00\" \/>\n<meta name=\"twitter:card\" content=\"summary_large_image\" \/>\n<meta name=\"twitter:label1\" content=\"Est. reading time\" \/>\n\t<meta name=\"twitter:data1\" content=\"1 minute\" \/>\n<script type=\"application\/ld+json\" class=\"yoast-schema-graph\">{\"@context\":\"https:\\\/\\\/schema.org\",\"@graph\":[{\"@type\":\"WebPage\",\"@id\":\"https:\\\/\\\/lightray.ee\\\/estonian\\\/3d-animatsioon-3d-visuaalid\\\/\",\"url\":\"https:\\\/\\\/lightray.ee\\\/estonian\\\/3d-animatsioon-3d-visuaalid\\\/\",\"name\":\"3D Animatsioon | 3D visuaalid\",\"isPartOf\":{\"@id\":\"https:\\\/\\\/lightray.ee\\\/estonian\\\/#website\"},\"datePublished\":\"2021-04-24T17:24:39+00:00\",\"dateModified\":\"2026-03-18T19:45:56+00:00\",\"description\":\"Lightray O\u00dc pakub fotorealistlikke 3D animatsioone ja visuaale arhitektuursete projektide ja toodete jaoks. Too oma ideed ellu.\",\"breadcrumb\":{\"@id\":\"https:\\\/\\\/lightray.ee\\\/estonian\\\/3d-animatsioon-3d-visuaalid\\\/#breadcrumb\"},\"inLanguage\":\"en-US\",\"potentialAction\":[{\"@type\":\"ReadAction\",\"target\":[\"https:\\\/\\\/lightray.ee\\\/estonian\\\/3d-animatsioon-3d-visuaalid\\\/\"]}]},{\"@type\":\"BreadcrumbList\",\"@id\":\"https:\\\/\\\/lightray.ee\\\/estonian\\\/3d-animatsioon-3d-visuaalid\\\/#breadcrumb\",\"itemListElement\":[{\"@type\":\"ListItem\",\"position\":1,\"name\":\"Home\",\"item\":\"https:\\\/\\\/lightray.ee\\\/estonian\\\/\"},{\"@type\":\"ListItem\",\"position\":2,\"name\":\"ANIMATSIOON\"}]},{\"@type\":\"WebSite\",\"@id\":\"https:\\\/\\\/lightray.ee\\\/estonian\\\/#website\",\"url\":\"https:\\\/\\\/lightray.ee\\\/estonian\\\/\",\"name\":\"Lightray 3D Visualization Studio\",\"description\":\"3D visualiseerimine, Arhitektuurne visualiseerimine, 3D modelleerimine, 3D sisepildid, 3D v\u00e4lispildid, 3D visuaalid, 3D animatsioon, Renderdamine, 3D sisekujundus, 3D sisedisain, 3D videod, animatsioon\",\"publisher\":{\"@id\":\"https:\\\/\\\/lightray.ee\\\/estonian\\\/#organization\"},\"potentialAction\":[{\"@type\":\"SearchAction\",\"target\":{\"@type\":\"EntryPoint\",\"urlTemplate\":\"https:\\\/\\\/lightray.ee\\\/estonian\\\/?s={search_term_string}\"},\"query-input\":{\"@type\":\"PropertyValueSpecification\",\"valueRequired\":true,\"valueName\":\"search_term_string\"}}],\"inLanguage\":\"en-US\"},{\"@type\":\"Organization\",\"@id\":\"https:\\\/\\\/lightray.ee\\\/estonian\\\/#organization\",\"name\":\"Lightray 3D Visualization Studio\",\"url\":\"https:\\\/\\\/lightray.ee\\\/estonian\\\/\",\"logo\":{\"@type\":\"ImageObject\",\"inLanguage\":\"en-US\",\"@id\":\"https:\\\/\\\/lightray.ee\\\/estonian\\\/#\\\/schema\\\/logo\\\/image\\\/\",\"url\":\"https:\\\/\\\/lightray.ee\\\/estonian\\\/wp-content\\\/uploads\\\/2021\\\/06\\\/13.jpg\",\"contentUrl\":\"https:\\\/\\\/lightray.ee\\\/estonian\\\/wp-content\\\/uploads\\\/2021\\\/06\\\/13.jpg\",\"width\":1920,\"height\":1080,\"caption\":\"Lightray 3D Visualization Studio\"},\"image\":{\"@id\":\"https:\\\/\\\/lightray.ee\\\/estonian\\\/#\\\/schema\\\/logo\\\/image\\\/\"},\"sameAs\":[\"https:\\\/\\\/www.instagram.com\\\/lightray_3d_studio_viz\\\/\",\"https:\\\/\\\/www.linkedin.com\\\/company\\\/lightray-3d-studio-visualization\"]}]}<\/script>\n<!-- \/ Yoast SEO plugin. -->","yoast_head_json":{"title":"3D Animatsioon | 3D visuaalid","description":"Lightray O\u00dc pakub fotorealistlikke 3D animatsioone ja visuaale arhitektuursete projektide ja toodete jaoks. Too oma ideed ellu.","robots":{"index":"index","follow":"follow","max-snippet":"max-snippet:-1","max-image-preview":"max-image-preview:large","max-video-preview":"max-video-preview:-1"},"canonical":"https:\/\/lightray.ee\/estonian\/3d-animatsioon-3d-visuaalid\/","og_locale":"en_US","og_type":"article","og_title":"3D Animatsioon | 3D visuaalid","og_description":"Lightray O\u00dc pakub fotorealistlikke 3D animatsioone ja visuaale arhitektuursete projektide ja toodete jaoks. Too oma ideed ellu.","og_url":"https:\/\/lightray.ee\/estonian\/3d-animatsioon-3d-visuaalid\/","og_site_name":"Lightray 3D Visualization Studio","article_modified_time":"2026-03-18T19:45:56+00:00","twitter_card":"summary_large_image","twitter_misc":{"Est. reading time":"1 minute"},"schema":{"@context":"https:\/\/schema.org","@graph":[{"@type":"WebPage","@id":"https:\/\/lightray.ee\/estonian\/3d-animatsioon-3d-visuaalid\/","url":"https:\/\/lightray.ee\/estonian\/3d-animatsioon-3d-visuaalid\/","name":"3D Animatsioon | 3D visuaalid","isPartOf":{"@id":"https:\/\/lightray.ee\/estonian\/#website"},"datePublished":"2021-04-24T17:24:39+00:00","dateModified":"2026-03-18T19:45:56+00:00","description":"Lightray O\u00dc pakub fotorealistlikke 3D animatsioone ja visuaale arhitektuursete projektide ja toodete jaoks. Too oma ideed ellu.","breadcrumb":{"@id":"https:\/\/lightray.ee\/estonian\/3d-animatsioon-3d-visuaalid\/#breadcrumb"},"inLanguage":"en-US","potentialAction":[{"@type":"ReadAction","target":["https:\/\/lightray.ee\/estonian\/3d-animatsioon-3d-visuaalid\/"]}]},{"@type":"BreadcrumbList","@id":"https:\/\/lightray.ee\/estonian\/3d-animatsioon-3d-visuaalid\/#breadcrumb","itemListElement":[{"@type":"ListItem","position":1,"name":"Home","item":"https:\/\/lightray.ee\/estonian\/"},{"@type":"ListItem","position":2,"name":"ANIMATSIOON"}]},{"@type":"WebSite","@id":"https:\/\/lightray.ee\/estonian\/#website","url":"https:\/\/lightray.ee\/estonian\/","name":"Lightray 3D Visualization Studio","description":"3D visualiseerimine, Arhitektuurne visualiseerimine, 3D modelleerimine, 3D sisepildid, 3D v\u00e4lispildid, 3D visuaalid, 3D animatsioon, Renderdamine, 3D sisekujundus, 3D sisedisain, 3D videod, animatsioon","publisher":{"@id":"https:\/\/lightray.ee\/estonian\/#organization"},"potentialAction":[{"@type":"SearchAction","target":{"@type":"EntryPoint","urlTemplate":"https:\/\/lightray.ee\/estonian\/?s={search_term_string}"},"query-input":{"@type":"PropertyValueSpecification","valueRequired":true,"valueName":"search_term_string"}}],"inLanguage":"en-US"},{"@type":"Organization","@id":"https:\/\/lightray.ee\/estonian\/#organization","name":"Lightray 3D Visualization Studio","url":"https:\/\/lightray.ee\/estonian\/","logo":{"@type":"ImageObject","inLanguage":"en-US","@id":"https:\/\/lightray.ee\/estonian\/#\/schema\/logo\/image\/","url":"https:\/\/lightray.ee\/estonian\/wp-content\/uploads\/2021\/06\/13.jpg","contentUrl":"https:\/\/lightray.ee\/estonian\/wp-content\/uploads\/2021\/06\/13.jpg","width":1920,"height":1080,"caption":"Lightray 3D Visualization Studio"},"image":{"@id":"https:\/\/lightray.ee\/estonian\/#\/schema\/logo\/image\/"},"sameAs":["https:\/\/www.instagram.com\/lightray_3d_studio_viz\/","https:\/\/www.linkedin.com\/company\/lightray-3d-studio-visualization"]}]}},"_links":{"self":[{"href":"https:\/\/lightray.ee\/estonian\/wp-json\/wp\/v2\/pages\/462","targetHints":{"allow":["GET"]}}],"collection":[{"href":"https:\/\/lightray.ee\/estonian\/wp-json\/wp\/v2\/pages"}],"about":[{"href":"https:\/\/lightray.ee\/estonian\/wp-json\/wp\/v2\/types\/page"}],"author":[{"embeddable":true,"href":"https:\/\/lightray.ee\/estonian\/wp-json\/wp\/v2\/users\/1"}],"replies":[{"embeddable":true,"href":"https:\/\/lightray.ee\/estonian\/wp-json\/wp\/v2\/comments?post=462"}],"version-history":[{"count":59,"href":"https:\/\/lightray.ee\/estonian\/wp-json\/wp\/v2\/pages\/462\/revisions"}],"predecessor-version":[{"id":1298,"href":"https:\/\/lightray.ee\/estonian\/wp-json\/wp\/v2\/pages\/462\/revisions\/1298"}],"wp:attachment":[{"href":"https:\/\/lightray.ee\/estonian\/wp-json\/wp\/v2\/media?parent=462"}],"curies":[{"name":"wp","href":"https:\/\/api.w.org\/{rel}","templated":true}]}}