{"id":191,"date":"2021-03-24T14:17:45","date_gmt":"2021-03-24T12:17:45","guid":{"rendered":"http:\/\/localhost\/lightray\/?page_id=191"},"modified":"2023-07-09T15:31:22","modified_gmt":"2023-07-09T13:31:22","slug":"work-process","status":"publish","type":"page","link":"https:\/\/lightray.ee\/estonian\/work-process\/","title":{"rendered":"T\u00d6\u00d6PROTSESS"},"content":{"rendered":"\t\t<div data-elementor-type=\"wp-page\" data-elementor-id=\"191\" class=\"elementor elementor-191\">\n\t\t\t\t\t\t<section class=\"elementor-section elementor-top-section elementor-element elementor-element-78f9b66 elementor-section-boxed elementor-section-height-default elementor-section-height-default\" data-id=\"78f9b66\" data-element_type=\"section\" data-e-type=\"section\">\n\t\t\t\t\t\t<div class=\"elementor-container elementor-column-gap-default\">\n\t\t\t\t\t<div class=\"elementor-column elementor-col-100 elementor-top-column elementor-element elementor-element-c605cfa\" data-id=\"c605cfa\" data-element_type=\"column\" data-e-type=\"column\">\n\t\t\t<div class=\"elementor-widget-wrap elementor-element-populated\">\n\t\t\t\t\t\t<div class=\"elementor-element elementor-element-8138c47 elementor-widget elementor-widget-text-editor\" data-id=\"8138c47\" data-element_type=\"widget\" data-e-type=\"widget\" data-widget_type=\"text-editor.default\">\n\t\t\t\t<div class=\"elementor-widget-container\">\n\t\t\t\t\t\t\t\t\t<h2><strong>Kuidas me t\u00f6\u00f6tame<\/strong><\/h2><div><span style=\"color: #dcdcdc;\"><a href=\"https:\/\/lightray.ee\/estonian\/contact\/\">V\u00f5tke meiega \u00fchendust<\/a> oma projekti p\u00e4ringuga. Me arutame t\u00e4htaja ning koosk\u00f5lastame eelarve. <a href=\"https:\/\/lightray.ee\/estonian\/3d-sisepildid-3d-valispildid\/\">3D sisekujunduse loomiseks<\/a> me tavaliselt vajame 2D plaanid m\u00f5\u00f5tmetega. Ehitise <a href=\"https:\/\/lightray.ee\/estonian\/3d-valispildid-3d-sisepildid\/\">3D v\u00e4lispildi tegemiseks<\/a> on reeglina vajalik 3D mudel v\u00f5i 2D plaanid. Kui loetletud dokumendid ei ole v\u00f5imalik saada, me v\u00f5ime l\u00e4bi vaadata teised v\u00f5imalikud alternatiivsed sisendi variandid: fotod, eskiisid, kirjeldused, objekti k\u00fclastamine ja m\u00f5\u00f5tmine kohapeal. Me saadame teile ametliku hinnapakkumise 1 t\u00f6\u00f6p\u00e4eva jooksul.<\/span><\/div><div><b>\u00a0<\/b><\/div><div><span style=\"font-weight: 400; color: #dcdcdc;\">PEALE TELLIMUSE KINNITAMIST:<\/span><\/div>\t\t\t\t\t\t\t\t<\/div>\n\t\t\t\t<\/div>\n\t\t\t\t\t<\/div>\n\t\t<\/div>\n\t\t\t\t\t<\/div>\n\t\t<\/section>\n\t\t\t\t<section class=\"elementor-section elementor-top-section elementor-element elementor-element-c173bf0 elementor-section-boxed elementor-section-height-default elementor-section-height-default\" data-id=\"c173bf0\" data-element_type=\"section\" data-e-type=\"section\">\n\t\t\t\t\t\t<div class=\"elementor-container elementor-column-gap-default\">\n\t\t\t\t\t<div class=\"elementor-column elementor-col-50 elementor-top-column elementor-element elementor-element-145940a\" data-id=\"145940a\" data-element_type=\"column\" data-e-type=\"column\">\n\t\t\t<div class=\"elementor-widget-wrap elementor-element-populated\">\n\t\t\t\t\t\t<div class=\"elementor-element elementor-element-08fdcbe elementor-widget elementor-widget-text-editor\" data-id=\"08fdcbe\" data-element_type=\"widget\" data-e-type=\"widget\" data-widget_type=\"text-editor.default\">\n\t\t\t\t<div class=\"elementor-widget-container\">\n\t\t\t\t\t\t\t\t\t<p><span style=\"color: #dcdcdc;\">1.<\/span><span style=\"font-weight: 400;\"><span style=\"color: #dcdcdc;\">Me saadame teile mustandi selleks, et kinnitada projekti 3D geomeetria ja kaadri kinnitamiseks<\/span>.<\/span><\/p>\t\t\t\t\t\t\t\t<\/div>\n\t\t\t\t<\/div>\n\t\t\t\t\t<\/div>\n\t\t<\/div>\n\t\t\t\t<div class=\"elementor-column elementor-col-50 elementor-top-column elementor-element elementor-element-89cfbcb\" data-id=\"89cfbcb\" data-element_type=\"column\" data-e-type=\"column\">\n\t\t\t<div class=\"elementor-widget-wrap elementor-element-populated\">\n\t\t\t\t\t\t<div class=\"elementor-element elementor-element-09429d2 elementor-widget elementor-widget-image\" data-id=\"09429d2\" data-element_type=\"widget\" data-e-type=\"widget\" data-widget_type=\"image.default\">\n\t\t\t\t<div class=\"elementor-widget-container\">\n\t\t\t\t\t\t\t\t\t\t\t\t\t\t\t<img fetchpriority=\"high\" decoding=\"async\" width=\"1024\" height=\"576\" src=\"https:\/\/lightray.ee\/estonian\/wp-content\/uploads\/2021\/03\/first_stage-Copy-1024x576.jpg\" class=\"attachment-large size-large wp-image-198\" alt=\"\" srcset=\"https:\/\/lightray.ee\/estonian\/wp-content\/uploads\/2021\/03\/first_stage-Copy-1024x576.jpg 1024w, https:\/\/lightray.ee\/estonian\/wp-content\/uploads\/2021\/03\/first_stage-Copy-300x169.jpg 300w, https:\/\/lightray.ee\/estonian\/wp-content\/uploads\/2021\/03\/first_stage-Copy-768x432.jpg 768w, https:\/\/lightray.ee\/estonian\/wp-content\/uploads\/2021\/03\/first_stage-Copy-1536x864.jpg 1536w, https:\/\/lightray.ee\/estonian\/wp-content\/uploads\/2021\/03\/first_stage-Copy.jpg 1920w\" sizes=\"(max-width: 1024px) 100vw, 1024px\" \/>\t\t\t\t\t\t\t\t\t\t\t\t\t\t\t<\/div>\n\t\t\t\t<\/div>\n\t\t\t\t\t<\/div>\n\t\t<\/div>\n\t\t\t\t\t<\/div>\n\t\t<\/section>\n\t\t\t\t<section class=\"elementor-section elementor-top-section elementor-element elementor-element-a991ec9 elementor-section-boxed elementor-section-height-default elementor-section-height-default\" data-id=\"a991ec9\" data-element_type=\"section\" data-e-type=\"section\">\n\t\t\t\t\t\t<div class=\"elementor-container elementor-column-gap-default\">\n\t\t\t\t\t<div class=\"elementor-column elementor-col-50 elementor-top-column elementor-element elementor-element-368d158\" data-id=\"368d158\" data-element_type=\"column\" data-e-type=\"column\">\n\t\t\t<div class=\"elementor-widget-wrap elementor-element-populated\">\n\t\t\t\t\t\t<div class=\"elementor-element elementor-element-58e42f1 elementor-widget elementor-widget-text-editor\" data-id=\"58e42f1\" data-element_type=\"widget\" data-e-type=\"widget\" data-widget_type=\"text-editor.default\">\n\t\t\t\t<div class=\"elementor-widget-container\">\n\t\t\t\t\t\t\t\t\t<p><span style=\"color: #dcdcdc;\"><span style=\"font-family: var( --e-global-typography-text-font-family ), Sans-serif; font-weight: var( --e-global-typography-text-font-weight ); font-size: 1rem;\">2. <\/span><span style=\"font-weight: 400;\">Te saate j\u00e4rgmise mustandi mudelite, materjalide, valguse ja teiste detailide kontrollimiseks ning annate meile tagasisidet. Seej\u00e4rel te kinnitate projekti v\u00f5i vajadusel annate meile lisainfot paranduste tegemiseks.<\/span><\/span><\/p><p><span style=\"font-weight: 400; color: #dcdcdc;\">Baaslepingu tingimused sisaldavad kuni 3 tasuta muudatust projektis. Rohkem muudatusi vajab lisaaega ja nende eest v\u00f5etakse lisatasu.<\/span><\/p>\t\t\t\t\t\t\t\t<\/div>\n\t\t\t\t<\/div>\n\t\t\t\t\t<\/div>\n\t\t<\/div>\n\t\t\t\t<div class=\"elementor-column elementor-col-50 elementor-top-column elementor-element elementor-element-cdd384a\" data-id=\"cdd384a\" data-element_type=\"column\" data-e-type=\"column\">\n\t\t\t<div class=\"elementor-widget-wrap elementor-element-populated\">\n\t\t\t\t\t\t<div class=\"elementor-element elementor-element-77fb232 elementor-widget elementor-widget-image\" data-id=\"77fb232\" data-element_type=\"widget\" data-e-type=\"widget\" data-widget_type=\"image.default\">\n\t\t\t\t<div class=\"elementor-widget-container\">\n\t\t\t\t\t\t\t\t\t\t\t\t\t\t\t<img decoding=\"async\" width=\"1024\" height=\"576\" src=\"https:\/\/lightray.ee\/estonian\/wp-content\/uploads\/2021\/03\/second_stage-1024x576.jpg\" class=\"attachment-large size-large wp-image-199\" alt=\"\" srcset=\"https:\/\/lightray.ee\/estonian\/wp-content\/uploads\/2021\/03\/second_stage-1024x576.jpg 1024w, https:\/\/lightray.ee\/estonian\/wp-content\/uploads\/2021\/03\/second_stage-300x169.jpg 300w, https:\/\/lightray.ee\/estonian\/wp-content\/uploads\/2021\/03\/second_stage-768x432.jpg 768w, https:\/\/lightray.ee\/estonian\/wp-content\/uploads\/2021\/03\/second_stage-1536x864.jpg 1536w, https:\/\/lightray.ee\/estonian\/wp-content\/uploads\/2021\/03\/second_stage.jpg 1920w\" sizes=\"(max-width: 1024px) 100vw, 1024px\" \/>\t\t\t\t\t\t\t\t\t\t\t\t\t\t\t<\/div>\n\t\t\t\t<\/div>\n\t\t\t\t\t<\/div>\n\t\t<\/div>\n\t\t\t\t\t<\/div>\n\t\t<\/section>\n\t\t\t\t<section class=\"elementor-section elementor-top-section elementor-element elementor-element-5d91e9b elementor-section-boxed elementor-section-height-default elementor-section-height-default\" data-id=\"5d91e9b\" data-element_type=\"section\" data-e-type=\"section\">\n\t\t\t\t\t\t<div class=\"elementor-container elementor-column-gap-default\">\n\t\t\t\t\t<div class=\"elementor-column elementor-col-50 elementor-top-column elementor-element elementor-element-4c2ff29\" data-id=\"4c2ff29\" data-element_type=\"column\" data-e-type=\"column\">\n\t\t\t<div class=\"elementor-widget-wrap elementor-element-populated\">\n\t\t\t\t\t\t<div class=\"elementor-element elementor-element-ec1ae9a elementor-widget elementor-widget-text-editor\" data-id=\"ec1ae9a\" data-element_type=\"widget\" data-e-type=\"widget\" data-widget_type=\"text-editor.default\">\n\t\t\t\t<div class=\"elementor-widget-container\">\n\t\t\t\t\t\t\t\t\t<p><span style=\"color: #dcdcdc;\">3. <span style=\"font-weight: 400;\">Vaikimisi l\u00f5plike piltide lahutusv\u00f5imsus on 4000 piksit (laius). Suuremad formaadid on saadaval kliendi soovil. 8K, 16K ja rohkem on v\u00f5imalik. Animatsioonidele me pakkume standardne kvaliteet 720p v\u00f5i 1080p, parema kvaliteediga teeme kliendi soovil (4K, jne).<\/span><\/span><\/p>\n<p><span style=\"font-weight: 400; color: #dcdcdc;\">L\u00f5plikud renderdused saadetakse kliendile digitaalselt v\u00f5i USB\/SD andmekandjaga.<\/span><\/p>\n<p><span style=\"font-weight: 400; color: #dcdcdc;\">T\u00e4htaeg s\u00f5ltub projekti n\u00f5uetest. T\u00fc\u00fcpiliselt \u00fche perekonna maja v\u00e4lispiltide ja sisepiltide visualiseerimine v\u00f5tab 1-2 n\u00e4dalat. Siiski, t\u00e4htaeg m\u00e4\u00e4ratakse alati individuaalselt.<\/span><\/p>\n<p><span style=\"font-weight: 400; color: #dcdcdc;\">Makseviis: 50% ettemaks.<\/span><\/p>\n<p><span style=\"font-weight: 400; color: #dcdcdc;\"><br><\/span><\/p>\t\t\t\t\t\t\t\t<\/div>\n\t\t\t\t<\/div>\n\t\t\t\t\t<\/div>\n\t\t<\/div>\n\t\t\t\t<div class=\"elementor-column elementor-col-50 elementor-top-column elementor-element elementor-element-71a610c\" data-id=\"71a610c\" data-element_type=\"column\" data-e-type=\"column\">\n\t\t\t<div class=\"elementor-widget-wrap elementor-element-populated\">\n\t\t\t\t\t\t<div class=\"elementor-element elementor-element-8d9db9e elementor-widget elementor-widget-image\" data-id=\"8d9db9e\" data-element_type=\"widget\" data-e-type=\"widget\" data-widget_type=\"image.default\">\n\t\t\t\t<div class=\"elementor-widget-container\">\n\t\t\t\t\t\t\t\t\t\t\t\t\t\t\t<img decoding=\"async\" width=\"1024\" height=\"576\" src=\"https:\/\/lightray.ee\/estonian\/wp-content\/uploads\/2021\/03\/third_stage-1-1024x576.jpg\" class=\"attachment-large size-large wp-image-257\" alt=\"\" srcset=\"https:\/\/lightray.ee\/estonian\/wp-content\/uploads\/2021\/03\/third_stage-1-1024x576.jpg 1024w, https:\/\/lightray.ee\/estonian\/wp-content\/uploads\/2021\/03\/third_stage-1-300x169.jpg 300w, https:\/\/lightray.ee\/estonian\/wp-content\/uploads\/2021\/03\/third_stage-1-768x432.jpg 768w, https:\/\/lightray.ee\/estonian\/wp-content\/uploads\/2021\/03\/third_stage-1-1536x864.jpg 1536w, https:\/\/lightray.ee\/estonian\/wp-content\/uploads\/2021\/03\/third_stage-1.jpg 1920w\" sizes=\"(max-width: 1024px) 100vw, 1024px\" \/>\t\t\t\t\t\t\t\t\t\t\t\t\t\t\t<\/div>\n\t\t\t\t<\/div>\n\t\t\t\t\t<\/div>\n\t\t<\/div>\n\t\t\t\t\t<\/div>\n\t\t<\/section>\n\t\t\t\t<\/div>\n\t\t","protected":false},"excerpt":{"rendered":"<p>Kuidas me t\u00f6\u00f6tame V\u00f5tke meiega \u00fchendust oma projekti p\u00e4ringuga. Me arutame t\u00e4htaja ning koosk\u00f5lastame eelarve. 3D sisekujunduse loomiseks me tavaliselt vajame 2D plaanid m\u00f5\u00f5tmetega. Ehitise 3D v\u00e4lispildi tegemiseks on reeglina vajalik 3D mudel v\u00f5i 2D plaanid. Kui loetletud dokumendid ei ole v\u00f5imalik saada, me v\u00f5ime l\u00e4bi vaadata teised v\u00f5imalikud alternatiivsed sisendi variandid: fotod, eskiisid, kirjeldused, [&hellip;]<\/p>\n","protected":false},"author":1,"featured_media":0,"parent":0,"menu_order":0,"comment_status":"closed","ping_status":"closed","template":"elementor_header_footer","meta":{"footnotes":""},"class_list":["post-191","page","type-page","status-publish","hentry"],"yoast_head":"<!-- This site is optimized with the Yoast SEO plugin v27.4 - https:\/\/yoast.com\/product\/yoast-seo-wordpress\/ -->\n<title>T\u00d6\u00d6PROTSESS &#8226; Lightray 3D Visualization Studio<\/title>\n<meta name=\"robots\" content=\"index, follow, max-snippet:-1, max-image-preview:large, max-video-preview:-1\" \/>\n<link rel=\"canonical\" href=\"https:\/\/lightray.ee\/estonian\/work-process\/\" \/>\n<meta property=\"og:locale\" content=\"en_US\" \/>\n<meta property=\"og:type\" content=\"article\" \/>\n<meta property=\"og:title\" content=\"T\u00d6\u00d6PROTSESS &#8226; Lightray 3D Visualization Studio\" \/>\n<meta property=\"og:description\" content=\"Kuidas me t\u00f6\u00f6tame V\u00f5tke meiega \u00fchendust oma projekti p\u00e4ringuga. Me arutame t\u00e4htaja ning koosk\u00f5lastame eelarve. 3D sisekujunduse loomiseks me tavaliselt vajame 2D plaanid m\u00f5\u00f5tmetega. Ehitise 3D v\u00e4lispildi tegemiseks on reeglina vajalik 3D mudel v\u00f5i 2D plaanid. Kui loetletud dokumendid ei ole v\u00f5imalik saada, me v\u00f5ime l\u00e4bi vaadata teised v\u00f5imalikud alternatiivsed sisendi variandid: fotod, eskiisid, kirjeldused, [&hellip;]\" \/>\n<meta property=\"og:url\" content=\"https:\/\/lightray.ee\/estonian\/work-process\/\" \/>\n<meta property=\"og:site_name\" content=\"Lightray 3D Visualization Studio\" \/>\n<meta property=\"article:modified_time\" content=\"2023-07-09T13:31:22+00:00\" \/>\n<meta property=\"og:image\" content=\"https:\/\/lightray.ee\/estonian\/wp-content\/uploads\/2021\/03\/first_stage-Copy-1024x576.jpg\" \/>\n<meta name=\"twitter:card\" content=\"summary_large_image\" \/>\n<meta name=\"twitter:label1\" content=\"Est. reading time\" \/>\n\t<meta name=\"twitter:data1\" content=\"2 minutes\" \/>\n<script type=\"application\/ld+json\" class=\"yoast-schema-graph\">{\"@context\":\"https:\\\/\\\/schema.org\",\"@graph\":[{\"@type\":\"WebPage\",\"@id\":\"https:\\\/\\\/lightray.ee\\\/estonian\\\/work-process\\\/\",\"url\":\"https:\\\/\\\/lightray.ee\\\/estonian\\\/work-process\\\/\",\"name\":\"T\u00d6\u00d6PROTSESS &#8226; Lightray 3D Visualization Studio\",\"isPartOf\":{\"@id\":\"https:\\\/\\\/lightray.ee\\\/estonian\\\/#website\"},\"primaryImageOfPage\":{\"@id\":\"https:\\\/\\\/lightray.ee\\\/estonian\\\/work-process\\\/#primaryimage\"},\"image\":{\"@id\":\"https:\\\/\\\/lightray.ee\\\/estonian\\\/work-process\\\/#primaryimage\"},\"thumbnailUrl\":\"https:\\\/\\\/lightray.ee\\\/estonian\\\/wp-content\\\/uploads\\\/2021\\\/03\\\/first_stage-Copy-1024x576.jpg\",\"datePublished\":\"2021-03-24T12:17:45+00:00\",\"dateModified\":\"2023-07-09T13:31:22+00:00\",\"breadcrumb\":{\"@id\":\"https:\\\/\\\/lightray.ee\\\/estonian\\\/work-process\\\/#breadcrumb\"},\"inLanguage\":\"en-US\",\"potentialAction\":[{\"@type\":\"ReadAction\",\"target\":[\"https:\\\/\\\/lightray.ee\\\/estonian\\\/work-process\\\/\"]}]},{\"@type\":\"ImageObject\",\"inLanguage\":\"en-US\",\"@id\":\"https:\\\/\\\/lightray.ee\\\/estonian\\\/work-process\\\/#primaryimage\",\"url\":\"https:\\\/\\\/lightray.ee\\\/estonian\\\/wp-content\\\/uploads\\\/2021\\\/03\\\/first_stage-Copy.jpg\",\"contentUrl\":\"https:\\\/\\\/lightray.ee\\\/estonian\\\/wp-content\\\/uploads\\\/2021\\\/03\\\/first_stage-Copy.jpg\",\"width\":1920,\"height\":1080},{\"@type\":\"BreadcrumbList\",\"@id\":\"https:\\\/\\\/lightray.ee\\\/estonian\\\/work-process\\\/#breadcrumb\",\"itemListElement\":[{\"@type\":\"ListItem\",\"position\":1,\"name\":\"Home\",\"item\":\"https:\\\/\\\/lightray.ee\\\/estonian\\\/\"},{\"@type\":\"ListItem\",\"position\":2,\"name\":\"T\u00d6\u00d6PROTSESS\"}]},{\"@type\":\"WebSite\",\"@id\":\"https:\\\/\\\/lightray.ee\\\/estonian\\\/#website\",\"url\":\"https:\\\/\\\/lightray.ee\\\/estonian\\\/\",\"name\":\"Lightray 3D Visualization Studio\",\"description\":\"3D visualiseerimine, Arhitektuurne visualiseerimine, 3D modelleerimine, 3D sisepildid, 3D v\u00e4lispildid, 3D visuaalid, 3D animatsioon, Renderdamine, 3D sisekujundus, 3D sisedisain, 3D videod, animatsioon\",\"publisher\":{\"@id\":\"https:\\\/\\\/lightray.ee\\\/estonian\\\/#organization\"},\"potentialAction\":[{\"@type\":\"SearchAction\",\"target\":{\"@type\":\"EntryPoint\",\"urlTemplate\":\"https:\\\/\\\/lightray.ee\\\/estonian\\\/?s={search_term_string}\"},\"query-input\":{\"@type\":\"PropertyValueSpecification\",\"valueRequired\":true,\"valueName\":\"search_term_string\"}}],\"inLanguage\":\"en-US\"},{\"@type\":\"Organization\",\"@id\":\"https:\\\/\\\/lightray.ee\\\/estonian\\\/#organization\",\"name\":\"Lightray 3D Visualization Studio\",\"url\":\"https:\\\/\\\/lightray.ee\\\/estonian\\\/\",\"logo\":{\"@type\":\"ImageObject\",\"inLanguage\":\"en-US\",\"@id\":\"https:\\\/\\\/lightray.ee\\\/estonian\\\/#\\\/schema\\\/logo\\\/image\\\/\",\"url\":\"https:\\\/\\\/lightray.ee\\\/estonian\\\/wp-content\\\/uploads\\\/2021\\\/06\\\/13.jpg\",\"contentUrl\":\"https:\\\/\\\/lightray.ee\\\/estonian\\\/wp-content\\\/uploads\\\/2021\\\/06\\\/13.jpg\",\"width\":1920,\"height\":1080,\"caption\":\"Lightray 3D Visualization Studio\"},\"image\":{\"@id\":\"https:\\\/\\\/lightray.ee\\\/estonian\\\/#\\\/schema\\\/logo\\\/image\\\/\"},\"sameAs\":[\"https:\\\/\\\/www.instagram.com\\\/lightray_3d_studio_viz\\\/\",\"https:\\\/\\\/www.linkedin.com\\\/company\\\/lightray-3d-studio-visualization\"]}]}<\/script>\n<!-- \/ Yoast SEO plugin. -->","yoast_head_json":{"title":"T\u00d6\u00d6PROTSESS &#8226; Lightray 3D Visualization Studio","robots":{"index":"index","follow":"follow","max-snippet":"max-snippet:-1","max-image-preview":"max-image-preview:large","max-video-preview":"max-video-preview:-1"},"canonical":"https:\/\/lightray.ee\/estonian\/work-process\/","og_locale":"en_US","og_type":"article","og_title":"T\u00d6\u00d6PROTSESS &#8226; Lightray 3D Visualization Studio","og_description":"Kuidas me t\u00f6\u00f6tame V\u00f5tke meiega \u00fchendust oma projekti p\u00e4ringuga. Me arutame t\u00e4htaja ning koosk\u00f5lastame eelarve. 3D sisekujunduse loomiseks me tavaliselt vajame 2D plaanid m\u00f5\u00f5tmetega. Ehitise 3D v\u00e4lispildi tegemiseks on reeglina vajalik 3D mudel v\u00f5i 2D plaanid. Kui loetletud dokumendid ei ole v\u00f5imalik saada, me v\u00f5ime l\u00e4bi vaadata teised v\u00f5imalikud alternatiivsed sisendi variandid: fotod, eskiisid, kirjeldused, [&hellip;]","og_url":"https:\/\/lightray.ee\/estonian\/work-process\/","og_site_name":"Lightray 3D Visualization Studio","article_modified_time":"2023-07-09T13:31:22+00:00","og_image":[{"url":"https:\/\/lightray.ee\/estonian\/wp-content\/uploads\/2021\/03\/first_stage-Copy-1024x576.jpg","type":"","width":"","height":""}],"twitter_card":"summary_large_image","twitter_misc":{"Est. reading time":"2 minutes"},"schema":{"@context":"https:\/\/schema.org","@graph":[{"@type":"WebPage","@id":"https:\/\/lightray.ee\/estonian\/work-process\/","url":"https:\/\/lightray.ee\/estonian\/work-process\/","name":"T\u00d6\u00d6PROTSESS &#8226; Lightray 3D Visualization Studio","isPartOf":{"@id":"https:\/\/lightray.ee\/estonian\/#website"},"primaryImageOfPage":{"@id":"https:\/\/lightray.ee\/estonian\/work-process\/#primaryimage"},"image":{"@id":"https:\/\/lightray.ee\/estonian\/work-process\/#primaryimage"},"thumbnailUrl":"https:\/\/lightray.ee\/estonian\/wp-content\/uploads\/2021\/03\/first_stage-Copy-1024x576.jpg","datePublished":"2021-03-24T12:17:45+00:00","dateModified":"2023-07-09T13:31:22+00:00","breadcrumb":{"@id":"https:\/\/lightray.ee\/estonian\/work-process\/#breadcrumb"},"inLanguage":"en-US","potentialAction":[{"@type":"ReadAction","target":["https:\/\/lightray.ee\/estonian\/work-process\/"]}]},{"@type":"ImageObject","inLanguage":"en-US","@id":"https:\/\/lightray.ee\/estonian\/work-process\/#primaryimage","url":"https:\/\/lightray.ee\/estonian\/wp-content\/uploads\/2021\/03\/first_stage-Copy.jpg","contentUrl":"https:\/\/lightray.ee\/estonian\/wp-content\/uploads\/2021\/03\/first_stage-Copy.jpg","width":1920,"height":1080},{"@type":"BreadcrumbList","@id":"https:\/\/lightray.ee\/estonian\/work-process\/#breadcrumb","itemListElement":[{"@type":"ListItem","position":1,"name":"Home","item":"https:\/\/lightray.ee\/estonian\/"},{"@type":"ListItem","position":2,"name":"T\u00d6\u00d6PROTSESS"}]},{"@type":"WebSite","@id":"https:\/\/lightray.ee\/estonian\/#website","url":"https:\/\/lightray.ee\/estonian\/","name":"Lightray 3D Visualization Studio","description":"3D visualiseerimine, Arhitektuurne visualiseerimine, 3D modelleerimine, 3D sisepildid, 3D v\u00e4lispildid, 3D visuaalid, 3D animatsioon, Renderdamine, 3D sisekujundus, 3D sisedisain, 3D videod, animatsioon","publisher":{"@id":"https:\/\/lightray.ee\/estonian\/#organization"},"potentialAction":[{"@type":"SearchAction","target":{"@type":"EntryPoint","urlTemplate":"https:\/\/lightray.ee\/estonian\/?s={search_term_string}"},"query-input":{"@type":"PropertyValueSpecification","valueRequired":true,"valueName":"search_term_string"}}],"inLanguage":"en-US"},{"@type":"Organization","@id":"https:\/\/lightray.ee\/estonian\/#organization","name":"Lightray 3D Visualization Studio","url":"https:\/\/lightray.ee\/estonian\/","logo":{"@type":"ImageObject","inLanguage":"en-US","@id":"https:\/\/lightray.ee\/estonian\/#\/schema\/logo\/image\/","url":"https:\/\/lightray.ee\/estonian\/wp-content\/uploads\/2021\/06\/13.jpg","contentUrl":"https:\/\/lightray.ee\/estonian\/wp-content\/uploads\/2021\/06\/13.jpg","width":1920,"height":1080,"caption":"Lightray 3D Visualization Studio"},"image":{"@id":"https:\/\/lightray.ee\/estonian\/#\/schema\/logo\/image\/"},"sameAs":["https:\/\/www.instagram.com\/lightray_3d_studio_viz\/","https:\/\/www.linkedin.com\/company\/lightray-3d-studio-visualization"]}]}},"_links":{"self":[{"href":"https:\/\/lightray.ee\/estonian\/wp-json\/wp\/v2\/pages\/191","targetHints":{"allow":["GET"]}}],"collection":[{"href":"https:\/\/lightray.ee\/estonian\/wp-json\/wp\/v2\/pages"}],"about":[{"href":"https:\/\/lightray.ee\/estonian\/wp-json\/wp\/v2\/types\/page"}],"author":[{"embeddable":true,"href":"https:\/\/lightray.ee\/estonian\/wp-json\/wp\/v2\/users\/1"}],"replies":[{"embeddable":true,"href":"https:\/\/lightray.ee\/estonian\/wp-json\/wp\/v2\/comments?post=191"}],"version-history":[{"count":92,"href":"https:\/\/lightray.ee\/estonian\/wp-json\/wp\/v2\/pages\/191\/revisions"}],"predecessor-version":[{"id":944,"href":"https:\/\/lightray.ee\/estonian\/wp-json\/wp\/v2\/pages\/191\/revisions\/944"}],"wp:attachment":[{"href":"https:\/\/lightray.ee\/estonian\/wp-json\/wp\/v2\/media?parent=191"}],"curies":[{"name":"wp","href":"https:\/\/api.w.org\/{rel}","templated":true}]}}