{"id":177,"date":"2021-03-13T19:18:44","date_gmt":"2021-03-13T17:18:44","guid":{"rendered":"http:\/\/localhost\/lightray\/?page_id=177"},"modified":"2025-10-01T22:07:14","modified_gmt":"2025-10-01T20:07:14","slug":"contact","status":"publish","type":"page","link":"https:\/\/lightray.ee\/estonian\/contact\/","title":{"rendered":"KONTAKT"},"content":{"rendered":"\t\t<div data-elementor-type=\"wp-page\" data-elementor-id=\"177\" class=\"elementor elementor-177\">\n\t\t\t\t\t\t<section class=\"elementor-section elementor-top-section elementor-element elementor-element-a079023 elementor-section-boxed elementor-section-height-default elementor-section-height-default\" data-id=\"a079023\" data-element_type=\"section\" data-e-type=\"section\">\n\t\t\t\t\t\t<div class=\"elementor-container elementor-column-gap-default\">\n\t\t\t\t\t<div class=\"elementor-column elementor-col-100 elementor-top-column elementor-element elementor-element-d7bc86a\" data-id=\"d7bc86a\" data-element_type=\"column\" data-e-type=\"column\">\n\t\t\t<div class=\"elementor-widget-wrap elementor-element-populated\">\n\t\t\t\t\t\t<div class=\"elementor-element elementor-element-b8031c9 elementor-widget elementor-widget-heading\" data-id=\"b8031c9\" data-element_type=\"widget\" data-e-type=\"widget\" data-widget_type=\"heading.default\">\n\t\t\t\t<div class=\"elementor-widget-container\">\n\t\t\t\t\t<h2 class=\"elementor-heading-title elementor-size-default\">V\u00f5ta \u00fchendust Lightray O\u00dc-ga<\/h2>\t\t\t\t<\/div>\n\t\t\t\t<\/div>\n\t\t\t\t<div class=\"elementor-element elementor-element-8651564 elementor-widget elementor-widget-text-editor\" data-id=\"8651564\" data-element_type=\"widget\" data-e-type=\"widget\" data-widget_type=\"text-editor.default\">\n\t\t\t\t<div class=\"elementor-widget-container\">\n\t\t\t\t\t\t\t\t\t<p data-start=\"2292\" data-end=\"2615\">Kas otsid professionaalset partnerit, kelle p\u00f5hitegevuseks on <strong data-start=\"2354\" data-end=\"2384\">3D visualiseerimine Eestis<\/strong>? Lightray O\u00dc on stuudio, mis loob fotorealistlikke arhitektuurseid renderdusi, sisekujunduse visualiseeringuid, tooteesitlusi ja animatsioone. V\u00f5ta meiega \u00fchendust juba t\u00e4na \u2013 anname sinu ideedele selge ja veenva visuaalse kuju.<\/p><p data-start=\"2617\" data-end=\"2981\">Meie meeskond t\u00f6\u00f6tab igap\u00e4evaselt arhitektide, arendajate ja kinnisvarasektori ettev\u00f5tetega, pakkudes lahendusi, mis muudavad suhtluse klientide, partnerite ja investoritega lihtsamaks. Kui vajad <a href=\"https:\/\/lightray.ee\/estonian\/3d-valispildid\/\">arhitektuurset visualiseerimist<\/a>, et n\u00e4idata projekti enne ehitust, v\u00f5i soovid <a href=\"https:\/\/lightray.ee\/estonian\/3d-sisepildid\/\">sisekujunduse lahendust<\/a>, mis aitab valida materjale ja v\u00e4rve, siis oled \u00f5iges kohas.<\/p><p data-start=\"2983\" data-end=\"3219\">Lisaks pakume 360\u00b0 visualiseeringuid ja animatsioone, mis annavad projektidele elu ning muudavad need kaasahaaravaks. K\u00f5ik tulemused tarnime nii tr\u00fcki- kui ka veebikvaliteedis.<\/p>\t\t\t\t\t\t\t\t<\/div>\n\t\t\t\t<\/div>\n\t\t\t\t\t<\/div>\n\t\t<\/div>\n\t\t\t\t\t<\/div>\n\t\t<\/section>\n\t\t\t\t<\/div>\n\t\t","protected":false},"excerpt":{"rendered":"<p>V\u00f5ta \u00fchendust Lightray O\u00dc-ga Kas otsid professionaalset partnerit, kelle p\u00f5hitegevuseks on 3D visualiseerimine Eestis? Lightray O\u00dc on stuudio, mis loob fotorealistlikke arhitektuurseid renderdusi, sisekujunduse visualiseeringuid, tooteesitlusi ja animatsioone. V\u00f5ta meiega \u00fchendust juba t\u00e4na \u2013 anname sinu ideedele selge ja veenva visuaalse kuju. Meie meeskond t\u00f6\u00f6tab igap\u00e4evaselt arhitektide, arendajate ja kinnisvarasektori ettev\u00f5tetega, pakkudes lahendusi, mis muudavad [&hellip;]<\/p>\n","protected":false},"author":1,"featured_media":0,"parent":0,"menu_order":0,"comment_status":"closed","ping_status":"closed","template":"elementor_header_footer","meta":{"footnotes":""},"class_list":["post-177","page","type-page","status-publish","hentry"],"yoast_head":"<!-- This site is optimized with the Yoast SEO plugin v27.4 - https:\/\/yoast.com\/product\/yoast-seo-wordpress\/ -->\n<title>KONTAKT &#8226; Lightray 3D Visualization Studio<\/title>\n<meta name=\"description\" content=\"V\u00f5ta \u00fchendust Lightray O\u00dc-ga ja telli fotorealistlikud arhitektuursed renderdused, sisekujunduse visualiseeringud ja animatsioonid.\" \/>\n<meta name=\"robots\" content=\"index, follow, max-snippet:-1, max-image-preview:large, max-video-preview:-1\" \/>\n<link rel=\"canonical\" href=\"https:\/\/lightray.ee\/estonian\/contact\/\" \/>\n<meta property=\"og:locale\" content=\"en_US\" \/>\n<meta property=\"og:type\" content=\"article\" \/>\n<meta property=\"og:title\" content=\"KONTAKT &#8226; Lightray 3D Visualization Studio\" \/>\n<meta property=\"og:description\" content=\"V\u00f5ta \u00fchendust Lightray O\u00dc-ga ja telli fotorealistlikud arhitektuursed renderdused, sisekujunduse visualiseeringud ja animatsioonid.\" \/>\n<meta property=\"og:url\" content=\"https:\/\/lightray.ee\/estonian\/contact\/\" \/>\n<meta property=\"og:site_name\" content=\"Lightray 3D Visualization Studio\" \/>\n<meta property=\"article:modified_time\" content=\"2025-10-01T20:07:14+00:00\" \/>\n<meta name=\"twitter:card\" content=\"summary_large_image\" \/>\n<meta name=\"twitter:label1\" content=\"Est. reading time\" \/>\n\t<meta name=\"twitter:data1\" content=\"1 minute\" \/>\n<script type=\"application\/ld+json\" class=\"yoast-schema-graph\">{\"@context\":\"https:\\\/\\\/schema.org\",\"@graph\":[{\"@type\":\"WebPage\",\"@id\":\"https:\\\/\\\/lightray.ee\\\/estonian\\\/contact\\\/\",\"url\":\"https:\\\/\\\/lightray.ee\\\/estonian\\\/contact\\\/\",\"name\":\"KONTAKT &#8226; Lightray 3D Visualization Studio\",\"isPartOf\":{\"@id\":\"https:\\\/\\\/lightray.ee\\\/estonian\\\/#website\"},\"datePublished\":\"2021-03-13T17:18:44+00:00\",\"dateModified\":\"2025-10-01T20:07:14+00:00\",\"description\":\"V\u00f5ta \u00fchendust Lightray O\u00dc-ga ja telli fotorealistlikud arhitektuursed renderdused, sisekujunduse visualiseeringud ja animatsioonid.\",\"breadcrumb\":{\"@id\":\"https:\\\/\\\/lightray.ee\\\/estonian\\\/contact\\\/#breadcrumb\"},\"inLanguage\":\"en-US\",\"potentialAction\":[{\"@type\":\"ReadAction\",\"target\":[\"https:\\\/\\\/lightray.ee\\\/estonian\\\/contact\\\/\"]}]},{\"@type\":\"BreadcrumbList\",\"@id\":\"https:\\\/\\\/lightray.ee\\\/estonian\\\/contact\\\/#breadcrumb\",\"itemListElement\":[{\"@type\":\"ListItem\",\"position\":1,\"name\":\"Home\",\"item\":\"https:\\\/\\\/lightray.ee\\\/estonian\\\/\"},{\"@type\":\"ListItem\",\"position\":2,\"name\":\"KONTAKT\"}]},{\"@type\":\"WebSite\",\"@id\":\"https:\\\/\\\/lightray.ee\\\/estonian\\\/#website\",\"url\":\"https:\\\/\\\/lightray.ee\\\/estonian\\\/\",\"name\":\"Lightray 3D Visualization Studio\",\"description\":\"3D visualiseerimine, Arhitektuurne visualiseerimine, 3D modelleerimine, 3D sisepildid, 3D v\u00e4lispildid, 3D visuaalid, 3D animatsioon, Renderdamine, 3D sisekujundus, 3D sisedisain, 3D videod, animatsioon\",\"publisher\":{\"@id\":\"https:\\\/\\\/lightray.ee\\\/estonian\\\/#organization\"},\"potentialAction\":[{\"@type\":\"SearchAction\",\"target\":{\"@type\":\"EntryPoint\",\"urlTemplate\":\"https:\\\/\\\/lightray.ee\\\/estonian\\\/?s={search_term_string}\"},\"query-input\":{\"@type\":\"PropertyValueSpecification\",\"valueRequired\":true,\"valueName\":\"search_term_string\"}}],\"inLanguage\":\"en-US\"},{\"@type\":\"Organization\",\"@id\":\"https:\\\/\\\/lightray.ee\\\/estonian\\\/#organization\",\"name\":\"Lightray 3D Visualization Studio\",\"url\":\"https:\\\/\\\/lightray.ee\\\/estonian\\\/\",\"logo\":{\"@type\":\"ImageObject\",\"inLanguage\":\"en-US\",\"@id\":\"https:\\\/\\\/lightray.ee\\\/estonian\\\/#\\\/schema\\\/logo\\\/image\\\/\",\"url\":\"https:\\\/\\\/lightray.ee\\\/estonian\\\/wp-content\\\/uploads\\\/2021\\\/06\\\/13.jpg\",\"contentUrl\":\"https:\\\/\\\/lightray.ee\\\/estonian\\\/wp-content\\\/uploads\\\/2021\\\/06\\\/13.jpg\",\"width\":1920,\"height\":1080,\"caption\":\"Lightray 3D Visualization Studio\"},\"image\":{\"@id\":\"https:\\\/\\\/lightray.ee\\\/estonian\\\/#\\\/schema\\\/logo\\\/image\\\/\"},\"sameAs\":[\"https:\\\/\\\/www.instagram.com\\\/lightray_3d_studio_viz\\\/\",\"https:\\\/\\\/www.linkedin.com\\\/company\\\/lightray-3d-studio-visualization\"]}]}<\/script>\n<!-- \/ Yoast SEO plugin. -->","yoast_head_json":{"title":"KONTAKT &#8226; Lightray 3D Visualization Studio","description":"V\u00f5ta \u00fchendust Lightray O\u00dc-ga ja telli fotorealistlikud arhitektuursed renderdused, sisekujunduse visualiseeringud ja animatsioonid.","robots":{"index":"index","follow":"follow","max-snippet":"max-snippet:-1","max-image-preview":"max-image-preview:large","max-video-preview":"max-video-preview:-1"},"canonical":"https:\/\/lightray.ee\/estonian\/contact\/","og_locale":"en_US","og_type":"article","og_title":"KONTAKT &#8226; Lightray 3D Visualization Studio","og_description":"V\u00f5ta \u00fchendust Lightray O\u00dc-ga ja telli fotorealistlikud arhitektuursed renderdused, sisekujunduse visualiseeringud ja animatsioonid.","og_url":"https:\/\/lightray.ee\/estonian\/contact\/","og_site_name":"Lightray 3D Visualization Studio","article_modified_time":"2025-10-01T20:07:14+00:00","twitter_card":"summary_large_image","twitter_misc":{"Est. reading time":"1 minute"},"schema":{"@context":"https:\/\/schema.org","@graph":[{"@type":"WebPage","@id":"https:\/\/lightray.ee\/estonian\/contact\/","url":"https:\/\/lightray.ee\/estonian\/contact\/","name":"KONTAKT &#8226; Lightray 3D Visualization Studio","isPartOf":{"@id":"https:\/\/lightray.ee\/estonian\/#website"},"datePublished":"2021-03-13T17:18:44+00:00","dateModified":"2025-10-01T20:07:14+00:00","description":"V\u00f5ta \u00fchendust Lightray O\u00dc-ga ja telli fotorealistlikud arhitektuursed renderdused, sisekujunduse visualiseeringud ja animatsioonid.","breadcrumb":{"@id":"https:\/\/lightray.ee\/estonian\/contact\/#breadcrumb"},"inLanguage":"en-US","potentialAction":[{"@type":"ReadAction","target":["https:\/\/lightray.ee\/estonian\/contact\/"]}]},{"@type":"BreadcrumbList","@id":"https:\/\/lightray.ee\/estonian\/contact\/#breadcrumb","itemListElement":[{"@type":"ListItem","position":1,"name":"Home","item":"https:\/\/lightray.ee\/estonian\/"},{"@type":"ListItem","position":2,"name":"KONTAKT"}]},{"@type":"WebSite","@id":"https:\/\/lightray.ee\/estonian\/#website","url":"https:\/\/lightray.ee\/estonian\/","name":"Lightray 3D Visualization Studio","description":"3D visualiseerimine, Arhitektuurne visualiseerimine, 3D modelleerimine, 3D sisepildid, 3D v\u00e4lispildid, 3D visuaalid, 3D animatsioon, Renderdamine, 3D sisekujundus, 3D sisedisain, 3D videod, animatsioon","publisher":{"@id":"https:\/\/lightray.ee\/estonian\/#organization"},"potentialAction":[{"@type":"SearchAction","target":{"@type":"EntryPoint","urlTemplate":"https:\/\/lightray.ee\/estonian\/?s={search_term_string}"},"query-input":{"@type":"PropertyValueSpecification","valueRequired":true,"valueName":"search_term_string"}}],"inLanguage":"en-US"},{"@type":"Organization","@id":"https:\/\/lightray.ee\/estonian\/#organization","name":"Lightray 3D Visualization Studio","url":"https:\/\/lightray.ee\/estonian\/","logo":{"@type":"ImageObject","inLanguage":"en-US","@id":"https:\/\/lightray.ee\/estonian\/#\/schema\/logo\/image\/","url":"https:\/\/lightray.ee\/estonian\/wp-content\/uploads\/2021\/06\/13.jpg","contentUrl":"https:\/\/lightray.ee\/estonian\/wp-content\/uploads\/2021\/06\/13.jpg","width":1920,"height":1080,"caption":"Lightray 3D Visualization Studio"},"image":{"@id":"https:\/\/lightray.ee\/estonian\/#\/schema\/logo\/image\/"},"sameAs":["https:\/\/www.instagram.com\/lightray_3d_studio_viz\/","https:\/\/www.linkedin.com\/company\/lightray-3d-studio-visualization"]}]}},"_links":{"self":[{"href":"https:\/\/lightray.ee\/estonian\/wp-json\/wp\/v2\/pages\/177","targetHints":{"allow":["GET"]}}],"collection":[{"href":"https:\/\/lightray.ee\/estonian\/wp-json\/wp\/v2\/pages"}],"about":[{"href":"https:\/\/lightray.ee\/estonian\/wp-json\/wp\/v2\/types\/page"}],"author":[{"embeddable":true,"href":"https:\/\/lightray.ee\/estonian\/wp-json\/wp\/v2\/users\/1"}],"replies":[{"embeddable":true,"href":"https:\/\/lightray.ee\/estonian\/wp-json\/wp\/v2\/comments?post=177"}],"version-history":[{"count":8,"href":"https:\/\/lightray.ee\/estonian\/wp-json\/wp\/v2\/pages\/177\/revisions"}],"predecessor-version":[{"id":1207,"href":"https:\/\/lightray.ee\/estonian\/wp-json\/wp\/v2\/pages\/177\/revisions\/1207"}],"wp:attachment":[{"href":"https:\/\/lightray.ee\/estonian\/wp-json\/wp\/v2\/media?parent=177"}],"curies":[{"name":"wp","href":"https:\/\/api.w.org\/{rel}","templated":true}]}}